(140/98)/(3/42)?
4
Suppose 0*r + 5*f = 4*r - 202, -r - 3*f + 42 = 0. Calculate the remainder when 285 is divided by r.
45
Suppose 174 = 2*o - 4*l, 2*o - 174 = -0*o - 3*l. Calculate the remainder when o is divided by 11.
10
Let i = 14234 + -14220. Let a(b) = 2*b**2 + 2*b - 3. What is the remainder when i is divided by a(-3)?
5
Suppose -4*d + 3*a - a + 24 = 0, 4*d - 5*a = 24. Suppose 0 = -2*f + f. Suppose -g + 2*g - d = f. What is the remainder when 15 is divided by g?
3
Suppose 26*z - 20*z - 174 = 0. Calculate the remainder when z is divided by 16.
13
Suppose -24 = -4*v + 4*c, -5*c + 6 = 3*v - 4*c. Let j be 3 + v/(15/70). Suppose j = n - 4*t, n - 11 = -0*n + 2*t. What is the remainder when 7 is divided by n?
2
Suppose 3*f + 50 = -2*f. Let j(c) be the second derivative of -4*c**3/3 - 7*c**2 - 2*c + 70. Calculate the remainder when j(f) is divided by 17.
15
Suppose 20*z = 15*z + 430. Let c = z - 38. Calculate the remainder when c is divided by 18.
12
Let g be (-9)/(-6)*12/9. Suppose -5*v = g*n - 2*v - 141, -3*n - 3*v = -210. What is the remainder when n is divided by 19?
12
Calculate the remainder when 95 is divided by 6/(-21) - 21/(1029/(-700)).
11
Let j(h) = -14*h - 309. What is the remainder when 101 is divided by j(-24)?
20
Suppose -9*b + 8*b + 70 = 0. Suppose 0 = 5*t + 2*z - 69, -2*t + 2*z = -2*z - 42. What is the remainder when b is divided by t?
10
Let q(h) = -h**3 - 2*h**2 - 3*h + 60. Calculate the remainder when q(0) is divided by 10.
0
Suppose -4*c = 6*c + 80. What is the remainder when 207 is divided by 6*((-6)/c - 25/(-4))?
39
Let y(o) = 6*o - 35. Let c = 126 + -95. Calculate the remainder when c is divided by y(7).
3
Suppose 2*h - 363 = -o, -3*h = -6*h - 5*o + 562. Let c = 70 - 50. Calculate the remainder when h is divided by c.
19
Suppose 278 + 172 = 5*i. Let k = i - 87. Let r = -27 + 38. Calculate the remainder when r is divided by k.
2
Let y(a) = 2*a**3 + 2*a**2 - 6. Calculate the remainder when y(4) is divided by 39.
37
Suppose -w = -2*w - 5*y + 5, -5*y - 5 = 0. Suppose i - 24 = -4*q, -4*i + 4*q - w = -66. Calculate the remainder when 23 is divided by i.
7
Let y(k) = 6*k - 1. Let m(h) = -h**2 + h + 1. Let g be m(-1). What is the remainder when y(2) is divided by (g/3)/((-3)/63)?
4
Suppose 0 = -t + 3*a + 155, -t = -5*a - 36 - 117. Calculate the remainder when t is divided by 20.
18
Let s(c) = c**2 - c. Let h be (12/(-9))/(8/(-18)). Let t be s(h). What is the remainder when 69 is divided by -2 - 3/(t/(-40))?
15
Let g = -205 + 187. What is the remainder when (-543)/(-9) + 24/g - -3 is divided by 2/2 + (16 - 1)?
14
Suppose -5*u + 5*m = -60, -54*m + 57*m + 2 = u. Calculate the remainder when ((-12)/10)/(6/(-140)) is divided by u.
11
Suppose -25*x + 5*k - 64 = -26*x, 0 = 2*x - 5*k - 68. Calculate the remainder when x is divided by 9.
8
Let i(l) = l**3 - 4*l**2 - 3*l - 5. Let f(m) = -m**2 - 11*m + 17. Let d be f(-12). What is the remainder when 24 is divided by i(d)?
4
Suppose 2*l + 65 = 7*l. Let q = 1085 - 1051. What is the remainder when q is divided by l?
8
Let i = -146 - -154. What is the remainder when 38 is divided by i?
6
Let g(l) = -7*l**2 + 3*l + 6*l**2 + 5 + 3*l. Let b(p) = -5*p**2 + 24*p + 20. Let r(y) = -2*b(y) + 9*g(y). Calculate the remainder when 17 is divided by r(-6).
2
Suppose -2*x - 4*w - 11 = -39, 32 = 4*x - 4*w. What is the remainder when 71 is divided by x?
1
What is the remainder when (9/(-3) + 2)/((-4)/56) is divided by 6?
2
Suppose 8*y = 348 + 396. Calculate the remainder when y is divided by 49.
44
Let j = 166 + -105. Let p = -1509 + 1541. What is the remainder when j is divided by p?
29
Let m(a) = 2*a**2 - 4*a + 4. Suppose 5*t + 5 = 20. Suppose l - 5*j = 25, 4 = t*l + 4*j + 5. Calculate the remainder when m(l) is divided by 9.
7
Let w be ((-308)/12)/(-1 + 8/6). Let u = w + 171. Calculate the remainder when u is divided by 19.
18
Suppose 38 = -319*q + 321*q. Calculate the remainder when 111 is divided by q.
16
Let o(c) = 3*c + 6. Suppose 4 = -45*r + 46*r. Suppose 4 = 4*z - 16. Calculate the remainder when o(r) is divided by z.
3
Let i(z) = 7*z - 12. Let f be 2/((-9)/(-2)*4/36). Calculate the remainder when i(f) is divided by 6.
4
What is the remainder when 105 - -23 - (1 - 2) is divided by 22?
19
Let i = -1250 + 1260. What is the remainder when 958 is divided by i?
8
Suppose 8 = -r - 4*z, 2*r + 4*z = -0*z - 12. Suppose 411 = 5*b + 2*n, -4*b + b - 2*n + 249 = 0. Calculate the remainder when b is divided by (6/r)/(4/(-56)).
18
Let s be 153/(-4) + (-17)/(-4) + -5. Let b = s + 43. What is the remainder when 7 is divided by b?
3
Suppose 17 = -5*d + 6*d. Suppose -32*q + 39*q - 546 = 0. What is the remainder when q is divided by d?
10
Let p be -1 + 16/(7 - 3). Let l(i) = -19*i - p + 55*i**2 - 56*i**2 - 4. What is the remainder when l(-15) is divided by 28?
25
Let b(f) = f**2 + 10*f + 5. Let z be (-19)/2 - (-9)/(-18). What is the remainder when 22 is divided by b(z)?
2
Let p(x) = -2*x + 1. Let l be p(2). What is the remainder when l*(-2)/(-6)*-17 is divided by 2624/287 + (5/(-7))/5?
8
Suppose 0 = -14*g + 7*g + 490. What is the remainder when g is divided by 25?
20
Let q(k) = 46*k**2 - k - 1. What is the remainder when q(-3) is divided by 11?
9
Let u(r) be the first derivative of r**2 + 57*r + 29. What is the remainder when u(0) is divided by 10?
7
Suppose -2*u = x - 559, -3*u + 1350 - 539 = -4*x. What is the remainder when u is divided by 76?
49
Let f = 1 - -34. Suppose 5*k - 8 = 7, -3*r + 4*k - 24 = 0. Let q = r - -13. Calculate the remainder when f is divided by q.
8
Let h(l) = -l**3 + 4*l**2 + 2*l + 2. Let s be h(4). Let k(m) = -m**3 + 11*m**2 - 8*m - 8. What is the remainder when 94 is divided by k(s)?
10
Let b(n) = n**2 - 22*n + 87. Calculate the remainder when 37 is divided by b(4).
7
Let t(b) = b**3 + 2*b**2 - 2*b + 3. Let m(a) = -5*a + 72. What is the remainder when m(0) is divided by t(2)?
12
Suppose 0 = 2*x + 4*j - 178, -4*x = 2*j - j - 328. Suppose 4*f = -3*l + 149, 71 = 5*f - 5*l - 159. Calculate the remainder when x is divided by f.
40
Suppose -2007*d - 6 = -2010*d. Calculate the remainder when 61 is divided by d.
1
Let x(j) = j**3 + 10*j**2 + 2*j + 34. Calculate the remainder when 26 is divided by x(-10).
12
Calculate the remainder when (2898/27 - -5)*42 is divided by 80.
78
Let s = 263 - 167. Let k = s + -54. Calculate the remainder when k is divided by (-4 - -3) + 8 - -4.
9
Let y = -36 + 35. What is the remainder when 56 is divided by 4/12*y - (-62)/6?
6
Let b(m) = m**2 - 4*m - 20. Let v be b(-3). Let w(k) = 7*k + 2. What is the remainder when 29 is divided by w(v)?
2
Let a(o) = -o**2 + 8*o - 7. Suppose -3*s + 26 = 4*l, -s + 4*s + 19 = 5*l. What is the remainder when 8 is divided by a(s)?
3
Suppose 15*m = 4*m + 1793. Let g = 214 - m. What is the remainder when 99 is divided by g?
48
Let v(m) = 16 - 3*m + 5 - 44. What is the remainder when 19 is divided by v(-9)?
3
Let t(q) = 5*q**3 - 1. Suppose -3*c = -2*n + n - 11, 4*c - 3 = -n. Suppose 6 = -c*r + 28. What is the remainder when r is divided by t(1)?
3
Let v = 272 - 251. Calculate the remainder when 62 is divided by v.
20
Let i(d) = d**2 - 7*d - 8. Let g be i(8). Suppose g = -9*a + 336 + 87. What is the remainder when a is divided by 12?
11
Suppose 5*t = 9 - 4, 2*h = -2*t + 12. Suppose 8 = 3*a - 5*k - 19, -2*a = -h*k - 13. Suppose 57 + 105 = 6*z. Calculate the remainder when z is divided by a.
13
Let z = 14 - 7. Let k = z - -70. Let c(u) = 60*u - 827. What is the remainder when k is divided by c(14)?
12
Suppose -9 = -o - c, -3*o + c + 51 = o. Let d be ((-16)/12)/(6/27). What is the remainder when o is divided by (28/(-6))/(d/9)?
5
Calculate the remainder when 493 is divided by 2/9 + (-11339)/(-207).
53
Suppose 2*y + 2*g - 20 = 0, -2*y - 3*y = -2*g - 43. Suppose -3010 = -17*h + 10*h. Suppose y*t = 4*t + h. Calculate the remainder when t is divided by 22.
20
Let c(h) = -h**2 - 17*h - 12. Let n = 72 - 64. Calculate the remainder when c(-14) is divided by n.
6
Let m(r) = 27*r**2 - 13*r - 34. Calculate the remainder when m(4) is divided by 54.
22
Let i = -175 - -337. Let b(d) = 11*d**2 + 2*d + 1. Suppose -6*t - 6 = 6. Calculate the remainder when i is divided by b(t).
39
Let b(p) = -12*p**2 + 3*p. Let g be b(2). Let d = 55 + g. Calculate the remainder w